{"id":11,"date":"2025-10-15T11:18:36","date_gmt":"2025-10-15T11:18:36","guid":{"rendered":"http:\/\/immobilieretdesign.fr\/?page_id=11"},"modified":"2026-03-08T08:52:01","modified_gmt":"2026-03-08T08:52:01","slug":"contact","status":"publish","type":"page","link":"https:\/\/immobilieretdesign.fr\/index.php\/contact\/","title":{"rendered":"Contact"},"content":{"rendered":"\n<p><strong>Premier \u00e9change \u2013 15 minutes<\/strong><\/p>\n\n\n\n<p>Chaque projet commence par un \u00e9change.<br>Ce premier rendez-vous permet de comprendre votre situation et de voir comment je peux vous accompagner.<\/p>\n\n\n\n<p>T\u00e9l: +33 7 67 85 22 57<\/p>\n\n\n\n<p>Vous pouvez utiliser le formulaire ci-dessous pour me pr\u00e9senter bri\u00e8vement votre projet.<br><strong>Cet \u00e9change est sans engagement.<\/strong><\/p>\n\n\n\n<div class=\"wp-block-contact-form-7-contact-form-selector\">\n<div class=\"wpcf7 no-js\" id=\"wpcf7-f145-o1\" lang=\"en-US\" dir=\"ltr\" data-wpcf7-id=\"145\">\n<div class=\"screen-reader-response\"><p role=\"status\" aria-live=\"polite\" aria-atomic=\"true\"><\/p> <ul><\/ul><\/div>\n<form action=\"\/index.php\/wp-json\/wp\/v2\/pages\/11#wpcf7-f145-o1\" method=\"post\" class=\"wpcf7-form init\" aria-label=\"Contact form\" novalidate=\"novalidate\" data-status=\"init\">\n<fieldset class=\"hidden-fields-container\"><input type=\"hidden\" name=\"_wpcf7\" value=\"145\" \/><input type=\"hidden\" name=\"_wpcf7_version\" value=\"6.1.5\" \/><input type=\"hidden\" name=\"_wpcf7_locale\" value=\"en_US\" \/><input type=\"hidden\" name=\"_wpcf7_unit_tag\" value=\"wpcf7-f145-o1\" \/><input type=\"hidden\" name=\"_wpcf7_container_post\" value=\"0\" \/><input type=\"hidden\" name=\"_wpcf7_posted_data_hash\" value=\"\" \/>\n<\/fieldset>\n<p><label> Votre nom<br \/>\n<span class=\"wpcf7-form-control-wrap\" data-name=\"your-name\"><input size=\"40\" maxlength=\"400\" class=\"wpcf7-form-control wpcf7-text wpcf7-validates-as-required\" autocomplete=\"name\" aria-required=\"true\" aria-invalid=\"false\" value=\"\" type=\"text\" name=\"your-name\" \/><\/span> <\/label>\n<\/p>\n<p><label> Votre email<br \/>\n<span class=\"wpcf7-form-control-wrap\" data-name=\"your-email\"><input size=\"40\" maxlength=\"400\" class=\"wpcf7-form-control wpcf7-email wpcf7-validates-as-required wpcf7-text wpcf7-validates-as-email\" autocomplete=\"email\" aria-required=\"true\" aria-invalid=\"false\" value=\"\" type=\"email\" name=\"your-email\" \/><\/span> <\/label>\n<\/p>\n<p><label> T\u00e9l\u00e9phone<br \/>\n<span class=\"wpcf7-form-control-wrap\" data-name=\"your-phone\"><input size=\"40\" maxlength=\"400\" class=\"wpcf7-form-control wpcf7-tel wpcf7-text wpcf7-validates-as-tel\" aria-invalid=\"false\" value=\"\" type=\"tel\" name=\"your-phone\" \/><\/span> <\/label>\n<\/p>\n<p><label> Type de projet<br \/>\n<span class=\"wpcf7-form-control-wrap\" data-name=\"your-project\"><select class=\"wpcf7-form-control wpcf7-select\" aria-invalid=\"false\" name=\"your-project\"><option value=\"Achat immobilier\">Achat immobilier<\/option><option value=\"Vente d\u2019un bien\">Vente d\u2019un bien<\/option><option value=\"Projet de r\u00e9novation\">Projet de r\u00e9novation<\/option><option value=\"Autre\">Autre<\/option><\/select><\/span> <\/label>\n<\/p>\n<p><label> Localisation du projet<br \/>\n<span class=\"wpcf7-form-control-wrap\" data-name=\"your-location\"><select class=\"wpcf7-form-control wpcf7-select\" aria-invalid=\"false\" name=\"your-location\"><option value=\"M\u00e9doc\">M\u00e9doc<\/option><option value=\"Littoral Atlantique\">Littoral Atlantique<\/option><option value=\"Bordeaux\">Bordeaux<\/option><option value=\"Autre\">Autre<\/option><\/select><\/span> <\/label>\n<\/p>\n<p><label> D\u00e9crivez votre projet (quelques lignes)<br \/>\n<span class=\"wpcf7-form-control-wrap\" data-name=\"your-message\"><textarea cols=\"40\" rows=\"10\" maxlength=\"2000\" class=\"wpcf7-form-control wpcf7-textarea\" aria-invalid=\"false\" name=\"your-message\"><\/textarea><\/span> <\/label>\n<\/p>\n<p><input class=\"wpcf7-form-control wpcf7-submit has-spinner\" type=\"submit\" value=\"Envoyer ma demande\" \/>\n<\/p><div class=\"wpcf7-response-output\" aria-hidden=\"true\"><\/div>\n<\/form>\n<\/div>\n<\/div>\n\n\n\n<p>Je vous recontacte sous 24 \u00e0 48h pour convenir d\u2019un cr\u00e9neau d\u2019\u00e9change.<\/p>\n\n\n\n<p class=\"has-medium-font-size\"><em>Sandrine Marguinot<\/em><\/p>\n\n\n\n\n\n<p><\/p>\n","protected":false},"excerpt":{"rendered":"<p>Premier \u00e9change \u2013 15 minutes Chaque projet commence par un \u00e9change.Ce premier rendez-vous permet de comprendre votre situation et de voir comment je peux vous accompagner. T\u00e9l: +33 7 67 85 22 57 Vous pouvez utiliser le formulaire ci-dessous pour me pr\u00e9senter bri\u00e8vement votre projet.Cet \u00e9change est sans engagement. Je vous recontacte sous 24 \u00e0 &hellip; <\/p>\n<p class=\"link-more\"><a href=\"https:\/\/immobilieretdesign.fr\/index.php\/contact\/\" class=\"more-link\">Continuer la lecture<span class=\"screen-reader-text\"> de &laquo;&nbsp;Contact&nbsp;&raquo;<\/span><\/a><\/p>\n","protected":false},"author":1,"featured_media":71,"parent":0,"menu_order":0,"comment_status":"closed","ping_status":"closed","template":"","meta":{"footnotes":""},"class_list":["post-11","page","type-page","status-publish","has-post-thumbnail","hentry"],"yoast_head":"<!-- This site is optimized with the Yoast SEO plugin v27.3 - https:\/\/yoast.com\/product\/yoast-seo-wordpress\/ -->\n<title>Contact - Sandrine Marguinot<\/title>\n<meta name=\"description\" content=\"Un projet immobilier ou une transformation d\u2019espace ? Contactez Sandrine Marguinot pour un accompagnement sur mesure entre M\u00e9doc et Bordeaux.\" \/>\n<meta name=\"robots\" content=\"index, follow, max-snippet:-1, max-image-preview:large, max-video-preview:-1\" \/>\n<link rel=\"canonical\" href=\"https:\/\/immobilieretdesign.fr\/index.php\/contact\/\" \/>\n<meta property=\"og:locale\" content=\"fr_FR\" \/>\n<meta property=\"og:type\" content=\"article\" \/>\n<meta property=\"og:title\" content=\"Contact - Sandrine Marguinot\" \/>\n<meta property=\"og:description\" content=\"Un projet immobilier ou une transformation d\u2019espace ? Contactez Sandrine Marguinot pour un accompagnement sur mesure entre M\u00e9doc et Bordeaux.\" \/>\n<meta property=\"og:url\" content=\"https:\/\/immobilieretdesign.fr\/index.php\/contact\/\" \/>\n<meta property=\"og:site_name\" content=\"Sandrine Marguinot\" \/>\n<meta property=\"article:modified_time\" content=\"2026-03-08T08:52:01+00:00\" \/>\n<meta name=\"twitter:card\" content=\"summary_large_image\" \/>\n<meta name=\"twitter:label1\" content=\"Dur\u00e9e de lecture estim\u00e9e\" \/>\n\t<meta name=\"twitter:data1\" content=\"1 minute\" \/>\n<script type=\"application\/ld+json\" class=\"yoast-schema-graph\">{\"@context\":\"https:\\\/\\\/schema.org\",\"@graph\":[{\"@type\":\"WebPage\",\"@id\":\"https:\\\/\\\/immobilieretdesign.fr\\\/index.php\\\/contact\\\/\",\"url\":\"https:\\\/\\\/immobilieretdesign.fr\\\/index.php\\\/contact\\\/\",\"name\":\"Contact - Sandrine Marguinot\",\"isPartOf\":{\"@id\":\"http:\\\/\\\/immobilieretdesign.fr\\\/#website\"},\"primaryImageOfPage\":{\"@id\":\"https:\\\/\\\/immobilieretdesign.fr\\\/index.php\\\/contact\\\/#primaryimage\"},\"image\":{\"@id\":\"https:\\\/\\\/immobilieretdesign.fr\\\/index.php\\\/contact\\\/#primaryimage\"},\"thumbnailUrl\":\"https:\\\/\\\/immobilieretdesign.fr\\\/wp-content\\\/uploads\\\/2025\\\/10\\\/IMG_0644-scaled.jpg\",\"datePublished\":\"2025-10-15T11:18:36+00:00\",\"dateModified\":\"2026-03-08T08:52:01+00:00\",\"description\":\"Un projet immobilier ou une transformation d\u2019espace ? Contactez Sandrine Marguinot pour un accompagnement sur mesure entre M\u00e9doc et Bordeaux.\",\"breadcrumb\":{\"@id\":\"https:\\\/\\\/immobilieretdesign.fr\\\/index.php\\\/contact\\\/#breadcrumb\"},\"inLanguage\":\"fr-FR\",\"potentialAction\":[{\"@type\":\"ReadAction\",\"target\":[\"https:\\\/\\\/immobilieretdesign.fr\\\/index.php\\\/contact\\\/\"]}]},{\"@type\":\"ImageObject\",\"inLanguage\":\"fr-FR\",\"@id\":\"https:\\\/\\\/immobilieretdesign.fr\\\/index.php\\\/contact\\\/#primaryimage\",\"url\":\"https:\\\/\\\/immobilieretdesign.fr\\\/wp-content\\\/uploads\\\/2025\\\/10\\\/IMG_0644-scaled.jpg\",\"contentUrl\":\"https:\\\/\\\/immobilieretdesign.fr\\\/wp-content\\\/uploads\\\/2025\\\/10\\\/IMG_0644-scaled.jpg\",\"width\":2560,\"height\":1920},{\"@type\":\"BreadcrumbList\",\"@id\":\"https:\\\/\\\/immobilieretdesign.fr\\\/index.php\\\/contact\\\/#breadcrumb\",\"itemListElement\":[{\"@type\":\"ListItem\",\"position\":1,\"name\":\"Accueil\",\"item\":\"http:\\\/\\\/immobilieretdesign.fr\\\/\"},{\"@type\":\"ListItem\",\"position\":2,\"name\":\"Contact\"}]},{\"@type\":\"WebSite\",\"@id\":\"http:\\\/\\\/immobilieretdesign.fr\\\/#website\",\"url\":\"http:\\\/\\\/immobilieretdesign.fr\\\/\",\"name\":\"Sandrine Marguinot\",\"description\":\"Architecture d&#039;int\u00e9rieure &amp; Immobilier - Lecture et valorisation des lieux\",\"potentialAction\":[{\"@type\":\"SearchAction\",\"target\":{\"@type\":\"EntryPoint\",\"urlTemplate\":\"http:\\\/\\\/immobilieretdesign.fr\\\/?s={search_term_string}\"},\"query-input\":{\"@type\":\"PropertyValueSpecification\",\"valueRequired\":true,\"valueName\":\"search_term_string\"}}],\"inLanguage\":\"fr-FR\"}]}<\/script>\n<!-- \/ Yoast SEO plugin. -->","yoast_head_json":{"title":"Contact - Sandrine Marguinot","description":"Un projet immobilier ou une transformation d\u2019espace ? Contactez Sandrine Marguinot pour un accompagnement sur mesure entre M\u00e9doc et Bordeaux.","robots":{"index":"index","follow":"follow","max-snippet":"max-snippet:-1","max-image-preview":"max-image-preview:large","max-video-preview":"max-video-preview:-1"},"canonical":"https:\/\/immobilieretdesign.fr\/index.php\/contact\/","og_locale":"fr_FR","og_type":"article","og_title":"Contact - Sandrine Marguinot","og_description":"Un projet immobilier ou une transformation d\u2019espace ? Contactez Sandrine Marguinot pour un accompagnement sur mesure entre M\u00e9doc et Bordeaux.","og_url":"https:\/\/immobilieretdesign.fr\/index.php\/contact\/","og_site_name":"Sandrine Marguinot","article_modified_time":"2026-03-08T08:52:01+00:00","twitter_card":"summary_large_image","twitter_misc":{"Dur\u00e9e de lecture estim\u00e9e":"1 minute"},"schema":{"@context":"https:\/\/schema.org","@graph":[{"@type":"WebPage","@id":"https:\/\/immobilieretdesign.fr\/index.php\/contact\/","url":"https:\/\/immobilieretdesign.fr\/index.php\/contact\/","name":"Contact - Sandrine Marguinot","isPartOf":{"@id":"http:\/\/immobilieretdesign.fr\/#website"},"primaryImageOfPage":{"@id":"https:\/\/immobilieretdesign.fr\/index.php\/contact\/#primaryimage"},"image":{"@id":"https:\/\/immobilieretdesign.fr\/index.php\/contact\/#primaryimage"},"thumbnailUrl":"https:\/\/immobilieretdesign.fr\/wp-content\/uploads\/2025\/10\/IMG_0644-scaled.jpg","datePublished":"2025-10-15T11:18:36+00:00","dateModified":"2026-03-08T08:52:01+00:00","description":"Un projet immobilier ou une transformation d\u2019espace ? Contactez Sandrine Marguinot pour un accompagnement sur mesure entre M\u00e9doc et Bordeaux.","breadcrumb":{"@id":"https:\/\/immobilieretdesign.fr\/index.php\/contact\/#breadcrumb"},"inLanguage":"fr-FR","potentialAction":[{"@type":"ReadAction","target":["https:\/\/immobilieretdesign.fr\/index.php\/contact\/"]}]},{"@type":"ImageObject","inLanguage":"fr-FR","@id":"https:\/\/immobilieretdesign.fr\/index.php\/contact\/#primaryimage","url":"https:\/\/immobilieretdesign.fr\/wp-content\/uploads\/2025\/10\/IMG_0644-scaled.jpg","contentUrl":"https:\/\/immobilieretdesign.fr\/wp-content\/uploads\/2025\/10\/IMG_0644-scaled.jpg","width":2560,"height":1920},{"@type":"BreadcrumbList","@id":"https:\/\/immobilieretdesign.fr\/index.php\/contact\/#breadcrumb","itemListElement":[{"@type":"ListItem","position":1,"name":"Accueil","item":"http:\/\/immobilieretdesign.fr\/"},{"@type":"ListItem","position":2,"name":"Contact"}]},{"@type":"WebSite","@id":"http:\/\/immobilieretdesign.fr\/#website","url":"http:\/\/immobilieretdesign.fr\/","name":"Sandrine Marguinot","description":"Architecture d&#039;int\u00e9rieure &amp; Immobilier - Lecture et valorisation des lieux","potentialAction":[{"@type":"SearchAction","target":{"@type":"EntryPoint","urlTemplate":"http:\/\/immobilieretdesign.fr\/?s={search_term_string}"},"query-input":{"@type":"PropertyValueSpecification","valueRequired":true,"valueName":"search_term_string"}}],"inLanguage":"fr-FR"}]}},"_links":{"self":[{"href":"https:\/\/immobilieretdesign.fr\/index.php\/wp-json\/wp\/v2\/pages\/11","targetHints":{"allow":["GET"]}}],"collection":[{"href":"https:\/\/immobilieretdesign.fr\/index.php\/wp-json\/wp\/v2\/pages"}],"about":[{"href":"https:\/\/immobilieretdesign.fr\/index.php\/wp-json\/wp\/v2\/types\/page"}],"author":[{"embeddable":true,"href":"https:\/\/immobilieretdesign.fr\/index.php\/wp-json\/wp\/v2\/users\/1"}],"replies":[{"embeddable":true,"href":"https:\/\/immobilieretdesign.fr\/index.php\/wp-json\/wp\/v2\/comments?post=11"}],"version-history":[{"count":19,"href":"https:\/\/immobilieretdesign.fr\/index.php\/wp-json\/wp\/v2\/pages\/11\/revisions"}],"predecessor-version":[{"id":374,"href":"https:\/\/immobilieretdesign.fr\/index.php\/wp-json\/wp\/v2\/pages\/11\/revisions\/374"}],"wp:featuredmedia":[{"embeddable":true,"href":"https:\/\/immobilieretdesign.fr\/index.php\/wp-json\/wp\/v2\/media\/71"}],"wp:attachment":[{"href":"https:\/\/immobilieretdesign.fr\/index.php\/wp-json\/wp\/v2\/media?parent=11"}],"curies":[{"name":"wp","href":"https:\/\/api.w.org\/{rel}","templated":true}]}}